(d).
-1
Suppose 2*m = -c - 2*c + 31, 0 = 5*m - 5*c - 15. Let b(v) = 6*v + 5*v + m - 10*v - 2*v. What is b(0)?
8
Let c(v) = -3*v**2 - 4 + 19*v - 3 - 1 + 4*v**2. What is c(-19)?
-8
Let j(n) = -5*n. Let k be j(1). Let o(a) = 13474 + 5*a**2 + 0*a**3 - 13467 + a**3 + a. Determine o(k).
2
Let c(f) = f**3 - 11*f**2 + 2*f - 9. Let i = -752 + 763. Give c(i).
13
Let c(y) be the second derivative of -y**3/6 - 3*y**2 - 53*y. Give c(-12).
6
Let j(s) = 3*s**2 - 2*s + 8. Let a(y) = -2*y**2 + 2*y - 7. Let m(h) = -6*a(h) - 5*j(h). Let o be m(-2). Let b(l) = l**2 + 5*l. Give b(o).
6
Let x(n) = n**3 - 11*n**2 + 6*n. Suppose 8*p - 67 = 13. Give x(p).
-40
Let h be ((-4)/(-12))/(1/(-15)). Let n(x) = -x**3 + 5*x**2 + 7*x - 7. Let u be n(6). Let y = u - h. Let q(r) = -3*r + 6. Determine q(y).
-6
Let p(k) = -2*k**2 + 13*k + 26. Let f(w) = w**2 - 6*w - 13. Let j(h) = 5*f(h) + 3*p(h). Give j(10).
3
Suppose 2*z = -3*d - 3*z + 34, 4*z - 20 = 0. Let s(y) = 9*y**3 - 16*y + 5 - d - 1 + 18*y. Determine s(-1).
-10
Let r(v) = v + 0 + 2*v - v**2 + 2*v - 2. Suppose 5 = -3*p + 14. Give r(p).
4
Let g = -286 - -290. Let q(n) = -n**2 + 3*n - 5. Give q(g).
-9
Let q be (6 + 4/(-4))*(5 - 3). Suppose -q*o - 36 - 24 = 0. Let s(m) = -m - 12. Calculate s(o).
-6
Let b(a) = 25*a - 8 + 6*a**2 - a**3 - 13*a - 18*a**2 + 7. Determine b(-13).
12
Let w(j) = 4*j. Let t(h) = -h. Let f(d) = -5*t(d) - w(d). Let k be (-4)/10 - 34/(-10). Calculate f(k).
3
Let w(x) be the second derivative of x**3/6 - 159*x. Give w(0).
0
Let p = 145 + -165. Let a = p + 25. Let j(i) = -i**2 + 7*i - 1. What is j(a)?
9
Let u(p) = -29*p**2 - 11*p - 2. Let h(s) = 14*s**2 + 5*s + 1. Let z(g) = 7*h(g) + 3*u(g). Suppose 3 = -3*l - 0. Let v be l + 0*2/(-4). What is z(v)?
10
Suppose 7 = -3*m - 3*h + 5*h, 4*m - 5*h = 0. Let t(c) = -7*c - 9. Calculate t(m).
26
Let m(j) = -j + 4. Let p be m(2). Let v(w) = 2 - 6 + 2*w + p - 3. Determine v(6).
7
Suppose 3*b = -12, -5*b + 7*b = y - 38. Suppose -2*v - 5*c - 1 = 16, y = 5*v - 2*c. Let r(u) = u**2 - 5*u - 4. Calculate r(v).
-8
Let u(k) = 5*k - 2. Let m = -87 + 73. Let h = -12 - m. Calculate u(h).
8
Suppose -4*b = -3*c - 21, b - 9 = -0*b + 2*c. Suppose -z + b*z = 4. Let r(u) = u**3 - 3*u + 2. What is r(z)?
4
Let d(t) = 4*t + 4. Let o = -10 + 38. Let v be -9*(o/12 + -2). What is d(v)?
-8
Let k(j) = 2*j**3 + 5 + 1 - j**3 - 5 - j**2. Let n(f) = 5*f**2 - 2*f + 1. Let t be n(1). Let c be (-3)/6 + 2/t. Calculate k(c).
1
Suppose 25*x - 29*x + 8 = 0. Let m(b) = 4*b**2 - 7*b + 1. Let p be m(x). Suppose -p*i - i = -24. Let k(q) = 2*q - 3. What is k(i)?
9
Let y(l) = l**2 + 7*l - 5. Let d(b) = -b**3 + 20*b**2 + 17*b + 77. Let v be d(21). Give y(v).
-5
Let a(n) = n**3 + 13*n**2 - 15*n - 18. Let i be a(-14). Let g(c) be the first derivative of -2*c - 1 - 4/3*c**3 - 1/4*c**4 + 1/2*c**2. Give g(i).
-6
Let w(b) be the first derivative of -b**4/2 - b**3/3 + 2*b**2 - 5*b - 826. Give w(2).
-17
Let f(n) = -n + 31. Let d be f(27). Let s be d/(-1) + -27*1/(-3). Let q(j) = 5*j**3 + 6 - 6*j**3 + 4*j - 1 + 4*j**2. What is q(s)?
0
Let s be ((-3)/(-21)*0)/1. Let b(c) = c + 25. Determine b(s).
25
Let u(s) = -4*s**2 - 2*s - 2. Suppose -10*j = 18 + 12. Calculate u(j).
-32
Let c(f) = -7*f + 21. Suppose 116*g - 112*g = -3*o + 12, -5*o - 2*g + 20 = 0. Determine c(o).
-7
Let q(w) be the second derivative of w**5/40 + w**4/24 - w**3/6 + w. Let p(r) be the second derivative of q(r). Suppose 33*l - 44 = 44*l. Determine p(l).
-11
Let s(b) = -4*b. Let d be s(-1). Let u be (25/20)/(2/8). Let n(l) = 4 + u - l - d + 0*l. Determine n(5).
0
Let c(q) be the second derivative of q**3/6 - 2*q**2 - q. Let t(g) = -g + 8. Let m(j) = 5*c(j) + 3*t(j). Give m(-4).
-4
Let a be (-4)/(14*13/182). Let m(k) be the third derivative of -k**5/60 - 5*k**4/24 - k**3 - k**2. Give m(a).
-2
Let b(i) = -i**3 + 5*i**2 + i - 2. Suppose -15 = -l - 5*o, 4*l - 3*o - 10 = 4. Give b(l).
3
Let a(z) = 5*z - 3. Let p(l) = 3*l + l**2 - 12 - 4*l + 6*l. Let w be (7 - 5) + 0 + -9. Let o be p(w). Determine a(o).
7
Let i(k) be the third derivative of -k**7/2520 + k**5/60 - 11*k**4/24 - 5*k**2. Let c(h) be the second derivative of i(h). What is c(3)?
-7
Let f(t) = 6*t - 13. Let m(y) = 3*y - 7. Let l(q) = -6*f(q) + 11*m(q). Calculate l(3).
-8
Let t(f) = f**2 - 2*f + 5. Suppose -93*s = -90*s - 6. Suppose s*c = 3*v - 4, 2*c - 14 + 2 = -v. Give t(v).
13
Let a(f) = f**2 + f + 17. Let d be 0/(24/4 + -3). Determine a(d).
17
Let l = -97 + 91. Let m be ((-18)/15)/l - (-42)/(-10). Let c(i) = -6*i - 4. Determine c(m).
20
Let m(o) = -o**2 - 2*o + 1. Let c be 4 - (-3 + (4 - 0)). Suppose 0 = 3*j + 3*u, 0 = -c*j - u - 4 - 4. Calculate m(j).
-7
Suppose 0*f - 3041 = -5*d + f, -5*d + 4*f = -3044. Let m be d/20 - (-4)/(-10). Let h(w) = m - 4*w**3 - 19 + 3*w**3 + w**2. What is h(0)?
11
Let a(g) = -11*g - g - 2 + 15*g - 2*g. Suppose c - 25 = 3*x + 2*x, 3*c + 1 = -4*x. Determine a(c).
3
Let t(d) be the first derivative of -d**3/3 - 3*d**2 - 3*d + 1. Let i = 56 + -60. Calculate t(i).
5
Let p(f) be the second derivative of -f**4/6 - 5*f**3/3 - 5*f**2/2 + 2*f - 92. Calculate p(-4).
3
Let w(g) be the third derivative of g**6/15 + g**4/12 + g**3/6 + 9*g**2 - 5. Calculate w(-1).
-9
Let t(m) = m**2 + m - 1. Let w be t(2). Let b(j) = -4*j**2 + 13 + w*j**2 + 3*j - 15. Determine b(-6).
16
Let k(g) = 2*g - 1 + g**2 + 6*g - 11. Let h(y) be the first derivative of -5*y**2/2 - 104*y - 61. Let q be h(-19). What is k(q)?
-3
Let i = 216 - 210. Let s(d) be the third derivative of 5*d**2 - 1/120*d**i - 1/6*d**3 + 0 - 1/8*d**4 - 1/10*d**5 + 0*d. Calculate s(-5).
-11
Let y = -97 - -91. Let q(z) be the second derivative of z**4/12 + 2*z**3/3 - 2*z**2 + 3*z. Determine q(y).
8
Let m(f) be the first derivative of -f**4/4 - 19*f**3/3 - 17*f**2/2 + 18*f + 134. What is m(-18)?
0
Suppose 5*y + 0*y = -2*y. Let b(t) = -4*t + 6*t - 1 + t**2 + 2 + y*t**2. Determine b(-4).
9
Suppose -t + 3 + 24 = 0. Let v(o) = t*o + 1 - 49*o + 28*o. Give v(1).
7
Let r = 207 + -205. Let z = -6 - -8. Let l(i) = -1 - i**3 + 1 + i + 2 + z*i**r. Calculate l(3).
-4
Let s(n) = 1. Let l(y) = y**3 - 3*y**2 - 7*y + 4. Let p(i) = l(i) + 2*s(i). Suppose 0 = 5*v - 20 + 45, 32 = 3*k - 4*v. Determine p(k).
-6
Let y(a) = -a**2 - a - 6. Let d(g) = -4*g**2 + 12*g - 39. Let f(r) = -d(r) + 5*y(r). Give f(-14).
51
Let y be (-4 + 1)*(10 - 9). Suppose -j + 36 = -4*j. Let s be (-90)/j*2/y. Let z(g) = g**3 + 6*g**2 + 7*g + 1. Determine z(s).
-9
Let w(i) = -i + 5. Let t be 2 + 0 - -4 - 0. Let x be -2*t*(-2)/8. Calculate w(x).
2
Let c = -2903 + 2904. Let m(y) = -y + 2*y**3 + 5*y**3 + 0*y + y**2. What is m(c)?
7
Suppose -166 = -4*w - 66. Let y(j) = 42*j - w*j - 18*j. What is y(-6)?
6
Let a(r) = -r**3 - 9*r**2 - 9*r + 9. Let w(t) = t**3 + 7*t**2 - 6*t + 8. Let i be w(-8). What is a(i)?
17
Suppose -10 = 2*k + 2. Let i(n) be the third derivative of -n**4/24 - 4*n**3/3 + n**2 - 3. Give i(k).
-2
Suppose 0 = -d - 3*d + 12. Let u(y) = -16*y - 10. Suppose 0 = -3*k + 6*k - 6. Let g(r) = 3*r + 2. Let o(s) = k*u(s) + 11*g(s). Determine o(d).
5
Suppose 3*b + z = -19, -5*b - 42 - 1 = -4*z. Let v(c) = c**2 + 6*c + 3. Give v(b).
10
Let m(w) be the second derivative of 1/2*w**2 - 1/2*w**3 + 0 + 4*w. Let t = 1 - 3. What is m(t)?
7
Let b(g) = -g**3 - 8*g**2 - 12*g - 2. Let n be b(-4). Let r(a) = a + 29. What is r(n)?
11
Let k(a) = -3*a - 11. Let n be k(-5). Let t(i) = 1 + 1 - 3 - 298*i + 300*i. Give t(n).
7
Suppose 0*d + 115 = 3*f + 5*d, f = -d + 41. Let q = f - 25. Suppose 22 = -6*h - q. Let l(s) = -s**3 - 6*s**2 + 7*s + 2. Determine l(h).
2
Let y(u) = u**2 + 2*u - 1. Suppose 15 + 40 = -5*m + 5*d, 2*d = -5*m - 20. Determine y(m).
23
Let x(d) = -6*d - 1 + 4*d + d**2 + 6*d. Let r(w) = w**3 - 10*w**2 + 10*w - 13. Suppose -v + 12 = 3. Let o be r(v). Calculate x(o).
-1
Let i(w) = w. Suppose 5*p = 10*p + 20. Let m = 4 - p. Suppose 2*c + 0*g + 5*g = -m, g - 8 = 2*c. Determine i(c).
-4
Let v(b) be the first derivative of -1/2*b**2 - 5 + b. Let q = -2 - 1. Calculate v(q).
4
Let u(r) = -8*r. Let j(n) = -n**2 - 11*n + 1. Let z be j(-11). Determine u(z).
-8
Let z = -2 + -5. Let d(t) = -2*t - 10. What is d(z)?
4
Let v(j) = -j**2 - j**3 - 2 - j + 2. Let x be ((-20)/6)/((-2)/(-3)). Let b be 1*5/(-10)*(-1 - x). Calculate v(b).
6
Let i be (10 + -11)/(2/14). Let g(s) = s**2 + 10*s + 17. Give g(i).
-4
Le